at is the thousands digit of 118463?
8
What is the tens digit of 174?
7
What is the units digit of 20594?
4
What is the hundreds digit of 2926?
9
What is the hundreds digit of 25119?
1
What is the units digit of 18835?
5
What is the units digit of 194?
4
What is the thousands digit of 5110?
5
What is the units digit of 6646?
6
What is the tens digit of 191?
9
What is the tens digit of 26965?
6
What is the units digit of 5401?
1
What is the thousands digit of 2216?
2
What is the hundreds digit of 1218?
2
What is the hundreds digit of 2136?
1
What is the tens digit of 1718?
1
What is the hundreds digit of 46552?
5
What is the units digit of 1022?
2
What is the units digit of 68657?
7
What is the tens digit of 4736?
3
What is the tens digit of 2874?
7
What is the tens digit of 6319?
1
What is the units digit of 520?
0
What is the hundreds digit of 1497?
4
What is the tens digit of 1578?
7
What is the units digit of 11168?
8
What is the tens digit of 18379?
7
What is the tens digit of 3501?
0
What is the tens digit of 189?
8
What is the tens digit of 20514?
1
What is the tens digit of 43344?
4
What is the tens digit of 2271?
7
What is the units digit of 1594?
4
What is the hundreds digit of 10627?
6
What is the units digit of 557?
7
What is the hundreds digit of 8297?
2
What is the tens digit of 8398?
9
What is the hundreds digit of 628?
6
What is the tens digit of 15029?
2
What is the tens digit of 785?
8
What is the tens digit of 2662?
6
What is the tens digit of 947?
4
What is the thousands digit of 3395?
3
What is the units digit of 26716?
6
What is the units digit of 4044?
4
What is the hundreds digit of 14421?
4
What is the units digit of 61963?
3
What is the thousands digit of 30251?
0
What is the thousands digit of 7229?
7
What is the tens digit of 925?
2
What is the thousands digit of 68581?
8
What is the tens digit of 62492?
9
What is the tens digit of 4225?
2
What is the thousands digit of 2674?
2
What is the thousands digit of 1673?
1
What is the thousands digit of 15365?
5
What is the hundreds digit of 6244?
2
What is the tens digit of 898?
9
What is the units digit of 7?
7
What is the units digit of 58189?
9
What is the thousands digit of 6271?
6
What is the units digit of 3546?
6
What is the tens digit of 460?
6
What is the units digit of 1189?
9
What is the units digit of 227?
7
What is the ten thousands digit of 59488?
5
What is the units digit of 1890?
0
What is the thousands digit of 41656?
1
What is the hundreds digit of 5285?
2
What is the tens digit of 1056?
5
What is the thousands digit of 6496?
6
What is the hundreds digit of 7689?
6
What is the thousands digit of 27340?
7
What is the hundreds digit of 7869?
8
What is the units digit of 65?
5
What is the units digit of 4055?
5
What is the hundreds digit of 112768?
7
What is the thousands digit of 2103?
2
What is the hundreds digit of 1200?
2
What is the hundreds digit of 7190?
1
What is the units digit of 921?
1
What is the units digit of 1662?
2
What is the hundreds digit of 12197?
1
What is the hundreds digit of 7957?
9
What is the hundreds digit of 765?
7
What is the units digit of 219?
9
What is the tens digit of 36302?
0
What is the tens digit of 88773?
7
What is the units digit of 141531?
1
What is the hundreds digit of 58983?
9
What is the hundreds digit of 9685?
6
What is the hundreds digit of 697?
6
What is the units digit of 2208?
8
What is the tens digit of 55356?
5
What is the ten thousands digit of 19921?
1
What is the units digit of 85198?
8
What is the hundreds digit of 1753?
7
What is the tens digit of 8657?
5
What is the hundreds digit of 7513?
5
What is the tens digit of 19083?
8
What is the units digit of 9486?
6
What is the hundreds digit of 2243?
2
What is the thousands digit of 107191?
7
What is the tens digit of 450?
5
What is the thousands digit of 4458?
4
What is the tens digit of 729?
2
What is the tens digit of 841?
4
What is the thousands digit of 1304?
1
What is the hundreds digit of 141613?
6
What is the ten thousands digit of 41062?
4
What is the thousands digit of 53369?
3
What is the tens digit of 13082?
8
What is the hundreds digit of 578?
5
What is the units digit of 72775?
5
What is the tens digit of 34324?
2
What is the units digit of 32671?
1
What is the ten thousands digit of 12415?
1
What is the tens digit of 10078?
7
What is the hundreds digit of 22889?
8
What is the tens digit of 3051?
5
What is the tens digit of 690?
9
What is the thousands digit of 29108?
9
What is the tens digit of 42866?
6
What is the hundreds digit of 3386?
3
What is the thousands digit of 1775?
1
What is the units digit of 1355?
5
What is the units digit of 4002?
2
What is the ten thousands digit of 46418?
4
What is the hundreds digit of 125171?
1
What is the tens digit of 41016?
1
What is the units digit of 41137?
7
What is the units digit of 23961?
1
What is the tens digit of 7688?
8
What is the thousands digit of 1704?
1
What is the hundreds digit of 2030?
0
What is the tens digit of 9437?
3
What is the thousands digit of 83025?
3
What is the thousands digit of 5469?
5
What is the hundreds digit of 50909?
9
What is the units digit of 8983?
3
What is the hundreds digit of 718?
7
What is the ten thousands digit of 12644?
1
What is the tens digit of 47284?
8
What is the hundreds digit of 40426?
4
What is the tens digit of 142638?
3
What is the tens digit of 137?
3
What is the tens digit of 415?
1
What is the units digit of 26618?
8
What is the tens digit of 1053?
5
What is the thousands digit of 2491?
2
What is the tens digit of 610?
1
What is the tens digit of 4192?
9
What is the tens digit of 1307?
0
What is the hundreds digit of 9476?
4
What is the ten thousands digit of 132073?
3
What is the tens digit of 26640?
4
What is the ten thousands digit of 49450?
4
What is the tens digit of 1866?
6
What is the units digit of 12722?
2
What is the tens digit of 34399?
9
What is the thousands digit of 22378?
2
What is the hundreds digit of 9763?
7
What is the tens digit of 903?
0
What is the units digit of 5122?
2
What is the thousands digit of 45218?
5
What is the hundreds digit of 963?
9
What is the hundreds digit of 2282?
2
What is the units digit of 14814?
4
What is the thousands digit of 17319?
7
What is the tens digit of 134?
3
What is the tens digit of 1156?
5
What is the hundreds digit of 579?
5
What is the units digit of 6606?
6
What is the hundreds digit of 9326?
3
What is the ten thousands digit of 17531?
1
What is the tens digit of 845?
4
What is the units digit of 36635?
5
What is the tens digit of 190?
9
What is the hundreds digit of 19786?
7
What is the tens digit of 7348?
4
What is the hundreds digit of 771?
7
What is the tens digit of 52048?
4
What is the hundreds digit of 3980?
9
What is the tens digit of 31297?
9
What is the units digit of 15141?
1
What is the units digit of 20?
0
What is the tens digit of 38829?
2
What is the thousands digit of 33279?
3
What is the thousands digit of 4471?
4
What is the hundreds digit of 668?
6
What is the ten thousands digit of 169341?
6
What is the hundreds digit of 590?
5
What is the hundreds digit of 1109?
1
What is the tens digit of 14692?
9
What is the thousands digit of 9665?
9
What is the hundreds digit of 1130?
1
What is the hundreds digit of 16751?
7
What is the ten thousands digit of 71648?
7
What is the units digit of 33065?
5
What is the hundreds digit of 33091?
0
What is the hundreds digit of 6288?
2
What is the units digit of 1389?
9
What is the hundreds digit of 17772?
7
What is the tens digit of 60?
6
What is the tens digit of 1367?
6
What is the ten thousands digit of 81542?
8
What is the thousands digit of 37412?
7
What is the units digit of 3141?
1
What is the hundreds digit of 1778?
7
What is the hundreds digit of 45796?
7
What is the hundreds digit of 419?
4
What is the hundreds digit of 7419?
4
What is the thousands digit of 14600?
4
What is the hundreds digit of 8533?
5
What is the hundreds digit of 54991?
9
What is the hundreds digit of 47599?
5
What is the thousands digit of 4862?
4
What is the tens digit of 10820?
2
What is the tens digit of 69854?
5
What is the tens digit of 75846?
4
What is the tens digit of 11327?
2
What is the tens digit of 6805?
0
What is the hundreds digit of 